ase 4) to base 14
156379
Convert 12000 (base 13) to base 5.
2023310
Convert -246c9 (base 13) to base 3.
-10102000210
Convert -90723 (base 13) to base 16.
-3f0d5
Convert 38863 (base 9) to base 11.
18777
What is 10101010001101110 (base 2) in base 7?
512040
Convert -3716069 (base 10) to base 9.
-6883435
591984 (base 15) to base 11
2449131
Convert 33022133022 (base 4) to base 12.
13b84b6
65794 (base 11) to base 15
1d436
Convert 16b39b0 (base 12) to base 2.
10001111110110011010100
68b0b (base 14) to base 12
10341b
Convert -2011022202002 (base 3) to base 9.
-2138662
What is -1000101111111100110001 (base 2) in base 10?
-2293553
Convert -3366227 (base 11) to base 16.
-59ef33
What is 5146028 (base 9) in base 16?
29ea12
Convert -2222102122211 (base 3) to base 9.
-2872584
21110002202221 (base 3) to base 7
45434152
104001334 (base 6) to base 15
26d0e1
What is 11102202001 (base 3) in base 16?
154fc
1af881 (base 16) to base 5
423030203
Convert -13ac7b (base 13) to base 7.
-4042361
17575ba (base 12) to base 4
102132232132
What is 146410 (base 13) in base 10?
499408
-20203021 (base 5) to base 16
-27c46
Convert -2033400102 (base 5) to base 14.
-7b489d
-238688 (base 12) to base 4
-2030103020
Convert 140c35 (base 13) to base 5.
111100414
Convert -130085 (base 15) to base 11.
-572803
-76d4 (base 14) to base 8
-50132
-1395601 (base 14) to base 13
-1c7997c
What is 2532347 (base 10) in base 12?
a2158b
What is 3075a73 (base 11) in base 3?
101012121212012
What is -772684 (base 9) in base 8?
-1604752
Convert 1020101101112 (base 3) to base 6.
22030105
96448 (base 10) to base 11
66510
Convert 124b424 (base 12) to base 10.
3586204
Convert 5073162 (base 10) to base 6.
300422510
Convert -13102444 (base 6) to base 8.
-1504374
276750 (base 8) to base 15
1de7d
109b86 (base 14) to base 3
1001200202022
What is 7b66 (base 12) in base 11?
a378
76350a (base 12) to base 3
10112010010001
Convert 67892 (base 12) to base 3.
20222222202
Convert -20567 (base 10) to base 11.
-144a8
-1075 (base 13) to base 3
-10010221
What is 1a4059 (base 13) in base 4?
2202202211
Convert 146261 (base 8) to base 15.
107d6
Convert -35cb3 (base 13) to base 3.
-12000120211
What is -2b7ab4 (base 16) in base 4?
-22313222310
What is 2020000120201 (base 3) in base 9?
2200521
What is 1a285e (base 16) in base 12?
6a807a
Convert 1215223 (base 6) to base 16.
fc9f
What is -5116552 (base 7) in base 16?
-94e01
-1a1311 (base 16) to base 6
-100343105
a56a4 (base 11) to base 14
40133
Convert -12211202200 (base 3) to base 6.
-2244243
105a47 (base 11) to base 14
45811
2113369 (base 11) to base 10
3723245
-10110110111100100100 (base 2) to base 16
-b6f24
Convert -11411323 (base 5) to base 14.
-2b052
Convert -516015 (base 9) to base 5.
-34244234
What is -22651 (base 7) in base 3?
-21222111
Convert -12120111102012 (base 3) to base 16.
-2d3335
Convert 7474057 (base 8) to base 9.
3673138
What is -34212210 (base 5) in base 11?
-198494
What is -117638 (base 14) in base 9?
-1108431
Convert 478248 (base 14) to base 6.
124204224
Convert 13304010 (base 6) to base 14.
b7bb8
What is -72b2 (base 13) in base 7?
-64150
11020110011212 (base 3) to base 8
10457705
372074 (base 12) to base 9
1613867
Convert 100221200000 (base 3) to base 5.
22231413
-2568 (base 14) to base 16
-19a0
-111022000112 (base 3) to base 7
-2140022
What is 304224032 (base 5) in base 12?
4bab88
Convert -1833377 (base 10) to base 15.
-263352
What is -195aee (base 15) in base 16?
-12d5ad
23243011 (base 5) to base 15
42d56
Convert 88642 (base 15) to base 13.
122375
Convert 311001101 (base 5) to base 9.
2338277
302031131 (base 4) to base 12
9b025
What is -110010111010011011000 (base 2) in base 7?
-20115612
Convert 50357 (base 8) to base 16.
50ef
Convert 23030212 (base 6) to base 8.
2536500
What is -128514 (base 14) in base 13?
-1942a8
Convert -166ec8 (base 16) to base 10.
-1470152
-363912 (base 10) to base 3
-200111012020
What is 248098 (base 12) in base 7?
5024243
-3771467 (base 8) to base 14
-1d2d27
16476 (base 14) to base 10
55768
Convert 10010100111110011 (base 2) to base 3.
10212122000
What is 112022110231 (base 4) in base 6?
324303341
What is 7057c (base 13) in base 2?
110001000010101011
Convert 10121010120 (base 3) to base 8.
212231
-10010000100101010011 (base 2) to base 5
-122422321
Convert -12212011002 (base 3) to base 2.
-11100001001011100
-59a64 (base 12) to base 2
-11101011110101100
What is -30f89 (base 16) in base 11?
-127780
Convert -1121413012 (base 5) to base 14.
-49b9a4
Convert 2042313 (base 5) to base 14.
c5c7
-7756b (base 13) to base 11
-138512
What is -61035565 (base 7) in base 10?
-5068117
445aae (base 16) to base 2
10001000101101010101110
-3042512 (base 6) to base 3
-21101221222
What is 1323673 (base 8) in base 11?
2334a7
Convert -202120220 (base 3) to base 11.
-10305
Convert 20031232 (base 5) to base 13.
570a3
Convert -27bd0d (base 14) to base 5.
-323033210
a97a7 (base 11) to base 2
100110111001111001
What is -110010101000101 (base 2) in base 9?
-38505
What is 1000111010101011110 (base 2) in base 13?
a2cc2
What is -7963782 (base 10) in base 14?
-10b4378
14076341 (base 10) to base 8
65544665
-2118b (base 13) to base 8
-164323
Convert -4628467 (base 9) to base 8.
-11421505
245905 (base 11) to base 7
3205256
Convert 1224334012 (base 5) to base 14.
5726d4
Convert -7d6686 (base 16) to base 12.
-2903b1a
-31478 (base 11) to base 14
-129b1
Convert 12212200111100 (base 3) to base 16.
2fa8c4
What is 119a25 (base 12) in base 8?
1057575
1662105 (base 7) to base 12
b3259
20200220101202 (base 3) to base 13
978950
What is b452 (base 12) in base 11?
13840
Convert 3425101 (base 6) to base 13.
61729
-44034440 (base 5) to base 11
-238688
-20120020020 (base 3) to base 12
-62929
What is 11101301112 (base 4) in base 11?
8654a7
What is 15a30 (base 13) in base 14?
11083
86068 (base 13) to base 5
30214011
What is -3050225 (base 6) in base 15?
-2d642
Convert 131222220320 (base 4) to base 11.
4431930
-1296ef (base 16) to base 15
-190e92
What is 763937 (base 10) in base 14?
15c58d
Convert -151043 (base 8) to base 10.
-53795
Convert -42012244 (base 7) to base 16.
-35e78f
Convert 118504 (base 11) to base 9.
314401
-11812a8 (base 12) to base 8
-14766140
91ba4 (base 14) to base 13
c3889
Convert 997943 (base 12) to base 6.
124142123
What is -2010032313 (base 4) in base 14?
-101555
What is -47627 (base 10) in base 2?
-1011101000001011
What is 376587 (base 9) in base 8?
675134
Convert 22cb9d (base 14) to base 11.
741380
Convert 100000011001111000110010 (base 2) to base 12.
2a17a6a
7a298 (base 13) to base 6
4433240
31452 (base 14) to base 7
1003332
Convert -6421376 (base 9) to base 3.
-20110201102120
What is -3110021200 (base 4) in base 11?
-543954
What is 150864 (base 11) in base 7?
1666663
What is -100220020 (base 4) in base 8?
-205010
-11251013 (base 6) to base 9
-581470
What is -1110011002 (base 3) in base 10?
-28541
Convert 892454 (base 12) to base 4.
20110210000
Convert -312137 (base 9) to base 8.
-551701
10201122221021 (base 3) to base 4
13203232333
What is -1012324 (base 7) in base 14?
-320bb
What is -6bce (base 15) in base 10?
-22919
What is -135043 (base 9) in base 3?
-11012001110
Convert -110110110101011011 (base 2) to base 5.
-24141403
18a901 (base 15) to base 4
10211000113
What is 6458454 (base 10) in base 3?
110011010100000
What is 26a60a7 (base 13) in base 16?
b9db51
What is -721572 (base 9) in base 8?
-1503220
What is 1327682 (base 9) in base 3?
1100221202202
Convert -11101211102220 (base 3) to base 15.
-313053
3fab (base 16) to base 2
11111110101011
Convert -212220021221110 (base 3) to base 15.
-11ad550
Convert 403430304 (base 5) to base 8.
6143425
Convert -112092 (base 12) to base 2.
-1000010101011101110
123130201302 (base 4) to base 13
164ba55
Convert 201020111200 (base 3) to base 10.
378720
Convert 125405642 (base 7) to base 13.
1896bc0
16775784 (base 9) to base 13
1994536
What is 3481437 (base 9) in base 14?
3708a2
10110001101101011 (base 2) to base 8
261553
What is -13214637 (base 8) in base 5?
-1224040204
What is -1c453b (base 13) in base 5?
-141124313
Convert -210629 (base 13) to base 12.
-312a58
c25e97 (base 15) to base 7
141326020
-112021100230 (base 4) to base 5
-2441230400
What is 28678a3 (base 12) in base 11?
4632a60
What is -5645753 (base 8) in base 12?
-